ens digit of k?
2
Suppose 3*g - 384 = -87. What is the tens digit of g?
9
Suppose -g - 3*g + 8 = 0. Suppose g*l = 2*d - 64, -l + 103 = -3*d + 7*d. What is the tens digit of d?
2
Suppose 0 = -j - j + 64. Suppose 28*m = j*m - 276. What is the tens digit of m?
6
What is the hundreds digit of -774*((-28)/(-21))/(-2)?
5
Let f = 1222 + -62. What is the thousands digit of f?
1
Let v = 523 - 50. Let i = -333 + v. What is the tens digit of i?
4
Suppose 9*j = 8*j - 2360. What is the tens digit of 1/(j/(-785) + -3)?
5
Let h = 1233 + -908. What is the hundreds digit of h?
3
Let l = 292 + -65. Let m = l + -154. What is the tens digit of m?
7
Let z(l) = -l**2 + 3*l + 13. Let h be z(7). Let t = h + 22. What is the units digit of t?
7
What is the tens digit of (-126528)/(-18)*(-12)/(-16)?
7
Suppose -24*v + 26040 = -68808. What is the units digit of v?
2
Let f = 7146 - 3590. What is the units digit of f?
6
Suppose -4*r + b = 2, -3*b + 0*b = 2*r + 8. What is the tens digit of (0 - -2) + r + 94?
9
Let g(h) = -h**3 + 7*h**2 - 7*h + 9. Let a be g(6). Let d = a + -1. Suppose r - 38 = d*l, -r + 44 = 2*l - 6*l. What is the tens digit of r?
3
Suppose 59*d + 4*d - 93933 = 0. What is the tens digit of d?
9
Let v be 4/(-2)*-27 - 3. Suppose -s + 5*h = -v, 94 = 2*s - h - h. What is the units digit of s?
6
Let a(o) = -o**3 - 21*o**2 - 9*o + 15. What is the tens digit of a(-23)?
8
Let r(o) = o**2 + 2*o + 1. Let t be r(-1). Suppose u - 61 = -t*u. What is the units digit of u?
1
Let p be -1*(-1 + 1 - 3). Suppose -5*s + 3*s = n + 6, -p*n + 5*s + 26 = 0. Suppose -n*w - 16 + 48 = 0. What is the units digit of w?
6
Let k(o) = 5 - 4074*o + 4072*o - 11. Let p(i) = -i - 2. Let y be p(4). What is the units digit of k(y)?
6
Suppose 4*d = -5 + 13. Suppose -2*y = -d*q + 188, 0 = 5*y - 5. What is the tens digit of q?
9
Suppose 0 = 2*x - 8 + 20. Let u(o) = -2*o**3 - 11*o**2 + 6*o + 10. Let t be u(x). Suppose 0 = -l - 0*l + t. What is the units digit of l?
0
Suppose 4*r - 11*r = -707. Let m = r + 147. What is the hundreds digit of m?
2
Suppose 2*g = 6*g. Let q be (g + 5)*3/5. Suppose 0 = -p + 4*a + 42, -p - q*a + 42 = -a. What is the units digit of p?
2
Suppose -40 = -4*k - 4*b, 2*k + 30 = 3*k + 5*b. Suppose 3*l - 39 = -3*g, g + 25 = l + k*g. Let a = 15 + l. What is the tens digit of a?
2
Let y = -216 - -321. Let m = y + -20. What is the units digit of m?
5
Suppose 5*g = 3*n - 16, -3*n + 3*g + 18 = -6. Suppose -n*o = 217 - 1261. What is the tens digit of o?
8
What is the hundreds digit of (13 - (-494 + -9)) + 7?
5
Let p(z) = 52*z**2 + z - 1. Let d = 13 + -13. Suppose o + d = 1. What is the tens digit of p(o)?
5
Suppose -5*s + 19 = -11. Let d = 46 + s. What is the units digit of d?
2
Let c(g) = 2*g**2 + 23*g + 10. Let d be c(-11). What is the units digit of ((-4)/((-32)/(-6)))/(d/12)?
9
Suppose -2*l = -4*x + 18, 4*l + 4 = -0. Suppose -5*q + 8*o = x*o - 403, -q = -2*o - 83. What is the units digit of q?
9
Let n = -3 - 2. Let y be 6 + n/((-15)/(-6)). Suppose -2*l - y*x + 2*x + 52 = 0, 2*x = -3*l + 74. What is the tens digit of l?
2
Let n = 110 - -848. What is the hundreds digit of n?
9
Let f = 6272 + -3399. What is the thousands digit of f?
2
What is the units digit of (-3)/(-24) + ((-28945)/(-56) - -7)?
4
Suppose 7785 = 20*n - 2535. What is the tens digit of n?
1
What is the units digit of 9/(-6) - 10710/(-20)?
4
Let r = -2 + 2. Suppose r = -4*k - i + 11, -4*k + 2*i + 11 = -k. Let u = 16 - k. What is the tens digit of u?
1
Let a(l) = -15*l + 8. Let w be 27/12 + 3/4. Let c(q) = -14*q + 9. Let t(p) = w*a(p) - 4*c(p). What is the units digit of t(6)?
4
What is the tens digit of 5/(-55) - 33041/(-209)?
5
Let d be 23 + (1 - 8) + 3. Let m = d + -16. Suppose -u = -2*q + 1 - 18, 4*q = -m*u + 101. What is the tens digit of u?
2
Let k = -179 + 598. What is the hundreds digit of k?
4
Let k = 639 - 195. What is the hundreds digit of k?
4
Let m = 18 + 9. What is the tens digit of (74/(-6))/(-1 + 24/m)?
1
Let q be 6/2*(-97)/(-3). Suppose 2*g - 2*i = -i + q, -g + 3*i + 56 = 0. What is the tens digit of g?
4
Let z be (164/(-8))/(3/6). Let y = z + 12. Let q = -9 - y. What is the units digit of q?
0
Suppose -4*b - 12 = 2*w, 2*b - 4*b = -4*w + 6. What is the units digit of 16/6*(342/(-4))/b?
6
Let q(v) = -9*v**2 + v - 3. Let i be q(-2). What is the tens digit of (-10 + 12)/((-1)/i)?
8
Let r(w) = w**3 - 5*w**2 - 4*w - 3. Let f = -1 - -8. What is the units digit of r(f)?
7
Suppose -s = -2*s + 1. What is the tens digit of (s - -1)/((1 + -6)/(-245))?
9
Let s be 90/(-25)*(-5)/(-2). Let r be 15/s*3/(-1). Suppose -j = -r*c + 245 - 0, 0 = -4*j. What is the tens digit of c?
4
Suppose 0 = 4*g - 4, 2*g - 3*g = u - 5. Suppose 3*c = -4*i + 81, 0*c = -u*c + 4*i + 108. What is the tens digit of c?
2
Suppose 9516 = 5*s + s. What is the tens digit of s?
8
Suppose 11*u - 5886 - 1418 = 0. What is the units digit of u?
4
Let m(v) = 20*v**2 + 58 - 10*v**2 - 2*v - 9*v**2. What is the tens digit of m(0)?
5
Suppose 5*f = f + 24. Let l(c) = c**3 - 5*c**2 - c - 2. Let g be l(f). Suppose 3*p - g = p. What is the tens digit of p?
1
Let n(t) = t**3 - 7*t**2 - 13*t - 18. What is the units digit of n(12)?
6
Let h(n) be the third derivative of 0*n - 7*n**2 - 1/24*n**4 - 2/3*n**3 + 0. What is the units digit of h(-8)?
4
Let m = 21 - 22. Let j be (2 + m)/(7/35). Let x(b) = 2*b**2 - 6*b - 6. What is the tens digit of x(j)?
1
Let z(f) = -f**2 + 4. Let r be z(0). Suppose 5*a - r*a = 3. What is the units digit of a?
3
Let l(x) = 40*x + 18. What is the hundreds digit of l(6)?
2
Let g(d) = -55*d + 582. What is the units digit of g(-7)?
7
Let h(d) be the first derivative of -d**4/4 + d**3 + 2*d + 7. Let i be h(3). Suppose -4*j + 3*m + 124 = -m, i*j - 4*m = 62. What is the units digit of j?
1
Let v = 5 + -1. Let x = 87 + 37. Suppose -239 = -5*f - 3*u - 71, -v*f - 5*u = -x. What is the tens digit of f?
3
Let a(c) = c**2 - 3*c + 2. Let f be a(4). Suppose -5*s + 5*g = -855, -2*s + f*s + 2*g = 714. What is the hundreds digit of s?
1
Let c(p) = 3*p + 1. Suppose -5*u - 3*n + 31 = -2, -23 = -3*u - 5*n. Suppose o + 2*g - 4*g + u = 0, -11 = o - 3*g. What is the tens digit of c(o)?
1
Suppose -3*i - 4*i = 77. Let g = 25 - i. What is the units digit of g?
6
Let t(u) = u**2 - 8*u + 4. Let h be t(8). Suppose 4*m + 9*q = h*q + 277, -5*m - 2*q = -325. What is the tens digit of m?
6
Let c(d) = -21*d - 2. Let z(k) = k - 11. Let l be z(14). Suppose -4*y = -l*y + 2. What is the tens digit of c(y)?
4
Let y = -35 + 36. Let u(c) = -c**2 - 6*c - 1. Let o be u(-5). What is the units digit of y/((8/10)/o)?
5
Suppose c - 5*h = -0*h + 217, 5*c + h = 1085. Suppose 3*i - c = r + 3*r, 146 = 2*i - 4*r. What is the tens digit of i?
7
Let v be -3*-1*(2 - 1). Let h be v + (-2 - (2 + -2)). What is the tens digit of 13 - h/(-3)*-3?
1
Let i(a) = a + 3. Let v be i(-6). Let c(b) = 2*b**2 + b - 2. Let j be c(v). Suppose j = m - 13. What is the tens digit of m?
2
What is the tens digit of (79 - 307)/((-3)/(9/2))?
4
Let b(z) = -4 + z + 7 - 13 - 4*z. What is the tens digit of b(-14)?
3
Suppose 0*o + 4*s - 76 = -4*o, s + 37 = 3*o. Let y = 39 - o. Suppose b + 3*u - 22 = 0, 3*b + 2*u + y = 70. What is the tens digit of b?
1
Let n(f) = 1 + 4*f**3 - f**2 + 5*f**2 - 5*f**2 + 0*f**3. Let h be n(1). Suppose 5 = -3*c + 2*k, -1 = -c - k + h. What is the units digit of c?
1
Let f(h) = h**2 - 17*h - 32. Let u = 68 + -46. What is the units digit of f(u)?
8
Suppose 0 = -5*l - 8*z + 3*z + 365, 6 = -2*z. What is the units digit of l?
6
Suppose 2*k = -z + 5, -4*z + 0*z = k - 13. Suppose 0 = d - 2*p - 36, -d - z*p = p - 30. What is the tens digit of d?
3
Let u be (1 - (3 + -22))*-169. Let z be (-2)/(-5) + u/(-50). Suppose -t = 5*g - 151 + 4, -2*g + z = 5*t. What is the tens digit of g?
2
Suppose 3*h - 5*h - 4*f - 8 = 0, -5*h = -f + 20. What is the hundreds digit of (-2)/4 + (-1098)/h?
2
Suppose 4*b = y + 4913, -y + 7427 - 1279 = 5*b. What is the thousands digit of b?
1
Let a(i) = -38*i + 14. Let c be a(4). Let w = -280 - c. What is the units digit of (-2)/10 - w/10?
4
Suppose -2*j = 2*v - 14 - 0, -4*v + 4 = -2*j. Suppose 22 = 2*p + k, -j*k = -5*p - 0*k + 81. Let t(y) = y**2 - 10*y + 17. What is the units digit of t(p)?
6
Suppose -f - 6 = 1. Let y = 11 - f. What is the units digit of y?
8
Suppose -3*l + 13 = 